{"id":22607,"date":"2022-10-10T15:06:26","date_gmt":"2022-10-10T13:06:26","guid":{"rendered":"https:\/\/www.listinoincloud.it\/gallonero\/?page_id=22607"},"modified":"2023-04-12T00:22:40","modified_gmt":"2023-04-11T22:22:40","slug":"appartamento-01","status":"publish","type":"page","link":"https:\/\/www.listinoincloud.it\/gallonero\/appartamento-01\/","title":{"rendered":"Appartamento 01"},"content":{"rendered":"<section data-vc-full-width=\"true\" data-vc-full-width-init=\"false\" data-vc-stretch-content=\"true\" class=\"vc_row wpb_row vc_row-fluid  vc_custom_1514959554872 pofo-stretch-content vc_row-no-padding\"><div class=\"wpb_column vc_column_container vc_col-sm-12  col-xs-mobile-fullwidth\"><div class=\"vc_column-inner \"><div class=\"wpb_wrapper\"><div id=\"pofo-image-slider-1\" class=\"swiper-container height-100 width-100 pofo-image-style1 pofo-image-slider-1  white-move pofo-slider8 pofo-slider8-1\"><div class=\"swiper-wrapper\"><div class=\"swiper-slide cover-background bg-image-srcset\" style=\"background-image:url(https:\/\/www.listinoincloud.it\/gallonero\/wp-content\/uploads\/2023\/04\/foto-camera-01.jpg)\" data-bg-srcset=\"https:\/\/www.listinoincloud.it\/gallonero\/wp-content\/uploads\/2023\/04\/foto-camera-01.jpg 2500w, https:\/\/www.listinoincloud.it\/gallonero\/wp-content\/uploads\/2023\/04\/foto-camera-01-300x126.jpg 300w, https:\/\/www.listinoincloud.it\/gallonero\/wp-content\/uploads\/2023\/04\/foto-camera-01-1024x430.jpg 1024w, https:\/\/www.listinoincloud.it\/gallonero\/wp-content\/uploads\/2023\/04\/foto-camera-01-768x322.jpg 768w, https:\/\/www.listinoincloud.it\/gallonero\/wp-content\/uploads\/2023\/04\/foto-camera-01-1536x645.jpg 1536w, https:\/\/www.listinoincloud.it\/gallonero\/wp-content\/uploads\/2023\/04\/foto-camera-01-2048x859.jpg 2048w, https:\/\/www.listinoincloud.it\/gallonero\/wp-content\/uploads\/2023\/04\/foto-camera-01-1200x504.jpg 1200w, https:\/\/www.listinoincloud.it\/gallonero\/wp-content\/uploads\/2023\/04\/foto-camera-01-81x34.jpg 81w\"><div class=\"bg-black bg-overlay\" style=\"opacity:0.2; \"><\/div><div class=\"container position-relative full-screen\"><div class=\"slider-typography text-center\"><div class=\"slider-text-middle-main\"><div class=\"slider-text-middle\"><div class=\"alt-font text-white font-weight-600 letter-spacing-minus-1 margin-three-bottom center-col sm-margin-four-bottom xs-margin-five-bottom xs-letter-spacing-0 word-wrap width-60 md-width-80 xs-width-90 title-medium\">Le camere<\/div><\/div><\/div><\/div><\/div><\/div><\/div><div class=\"swiper-pagination  swiper-pagination-white swiper-pagination-1\"><\/div><\/div><\/div><\/div><\/div><\/section><div class=\"vc_row-full-width vc_clearfix\"><\/div><section data-vc-full-width=\"true\" data-vc-full-width-init=\"false\" class=\"vc_row wpb_row vc_row-fluid  vc_custom_1665408022517 wow fadeIn pofo-stretch-content pofo-stretch-row-container\"><div class=\"wpb_column vc_column_container vc_col-sm-12  col-xs-mobile-fullwidth\"><div class=\"vc_column-inner \"><div class=\"wpb_wrapper\"><div class=\"vc_row wpb_row vc_inner vc_row-fluid  vc_custom_1665408428954\"><div class=\"wpb_column vc_column_container vc_col-lg-2 vc_col-md-2 vc_hidden-sm col-xs-mobile-fullwidth\"><div class=\"vc_column-inner \"><div class=\"wpb_wrapper\"><\/div><\/div><\/div><div class=\"wpb_column vc_column_container vc_col-lg-8 vc_col-md-8 col-xs-mobile-fullwidth text-center\"><div class=\"vc_column-inner vc_custom_1506939480316\"><div class=\"wpb_wrapper\"><div class=\" vc_custom_1665407580454 last-paragraph-no-margin pofo-text-block-responsive-69f3bf713cf69\" style=\"width: 100%;\"><p class=\"text_all\">Gli alloggi accoglienti di Gallo Nero<\/p>\n<\/div><div class=\" vc_custom_1665407844603 last-paragraph-no-margin pofo-text-block-responsive-69f3bf713d04a\" style=\"width: 100%;\"><p class=\"text_cam\">Tutti e sette gli alloggi in dotazione all\u2019Agriturismo Gallo Nero sono <strong>ampi e spaziosi<\/strong>: abbiamo quattro stanze e tre mini appartamenti. Tutti gli spazi sono confortevoli, curati nei dettagli e con un\u2019accogliente<br \/>\n<strong>atmosfera rustica ma elegante.<\/strong> Nei mini appartamenti vi sono cucine e frigoriferi ed in tutti gli<br \/>\nalloggi oltre al <strong>bagno privato<\/strong> ed alla televisione, c\u2019\u00e8 una <strong>comoda connessione Wi-Fi.<\/strong><\/p>\n<\/div><\/div><\/div><\/div><div class=\"wpb_column vc_column_container vc_col-lg-2 vc_col-md-2 vc_hidden-sm col-xs-mobile-fullwidth\"><div class=\"vc_column-inner \"><div class=\"wpb_wrapper\"><\/div><\/div><\/div><\/div><div class=\"vc_row wpb_row vc_inner vc_row-fluid  vc_custom_1665408398038\"><div class=\"wpb_column vc_column_container vc_col-lg-2 vc_col-md-2 vc_hidden-sm col-xs-mobile-fullwidth\"><div class=\"vc_column-inner \"><div class=\"wpb_wrapper\"><\/div><\/div><\/div><div class=\"wpb_column vc_column_container vc_col-lg-8 vc_col-md-8 col-xs-mobile-fullwidth text-center md-text-center sm-text-center xs-text-center\"><div class=\"vc_column-inner vc_custom_1665408215946\"><div class=\"wpb_wrapper\"><div class=\" vc_custom_1665408362424 last-paragraph-no-margin\"><p><img decoding=\"async\" src=\"https:\/\/www.listinoincloud.it\/gallonero\/wp-content\/uploads\/2022\/10\/cuscino-2.png\" \/><\/p>\n<\/div><\/div><\/div><\/div><div class=\"wpb_column vc_column_container vc_col-lg-2 vc_col-md-2 vc_hidden-sm col-xs-mobile-fullwidth\"><div class=\"vc_column-inner \"><div class=\"wpb_wrapper\"><\/div><\/div><\/div><\/div><\/div><\/div><\/div><\/section><div class=\"vc_row-full-width vc_clearfix\"><\/div><section data-vc-full-width=\"true\" data-vc-full-width-init=\"false\" class=\"vc_row wpb_row vc_row-fluid  vc_custom_1668352860697 wow fadeIn vc_row-has-fill pofo-stretch-content pofo-stretch-row-container vc_row-o-equal-height vc_row-flex\"><div class=\"wpb_column vc_column_container vc_col-sm-12  col-xs-mobile-fullwidth\"><div class=\"vc_column-inner \"><div class=\"wpb_wrapper\"><div class=\"vc_row wpb_row vc_inner vc_row-fluid   vc_row-o-equal-height vc_row-flex\"><div class=\"wpb_column vc_column_container vc_col-sm-6  col-xs-mobile-fullwidth\"><div class=\"vc_column-inner \"><div class=\"wpb_wrapper\"><div class=\"last-paragraph-no-margin pofo-text-block-responsive-69f3bf713d545\" style=\"width: width-95;\"><p class=\"tit_cam\">Appartamento 01<\/p>\n<\/div><div class=\"last-paragraph-no-margin pofo-text-block-responsive-69f3bf713d5fb\" style=\"width: width-95;\"><p class=\"text_cam2\">Si tratta di un mini appartamento <strong>ideale per due persone<\/strong>, con cucina ed \u00e8 situato al piano terra con spazi interni pi\u00f9 larghi per chi \u00e8 disabile. Inoltre \u00e8 disponibile per chi ha animali con s\u00e9.<\/p>\n<\/div><div class=\"last-paragraph-no-margin\"><div style=\"width: 80%; margin: auto;\">\n<div class=\"text_cam3\" style=\"width: 50%; float: left; text-align: left;\">&#8211; Wi-Fi gratuito in camera<br \/>\n&#8211; Colazione inclusa<br \/>\n&#8211; Aria condizionata<br \/>\n&#8211; Culla (opzionale)<br \/>\n&#8211; Asciuga capelli<\/div>\n<div class=\"text_cam3\" style=\"width: 50%; float: right; text-align: right;\">&#8211; Asciugamani e Shampoo<br \/>\n&#8211; Angolo cottura<br \/>\n&#8211; Minifrigo<br \/>\n&#8211; Armadio e guardaroba<br \/>\n&#8211; Scrivania<\/div>\n<\/div>\n<\/div><div class=\"last-paragraph-no-margin\"><div style=\"width: 80%; margin: auto;\">\n<div class=\"text_cam3\" style=\"width: 50%; float: left; text-align: left;\"><a class=\"myButton5\" href=\"https:\/\/www.listinoincloud.it\/gallonero\/prezzi-e-condizioni\/\">PREZZI<\/a><\/div>\n<div class=\"text_cam3\" style=\"width: 30%; float: right; text-align: right;\"><img decoding=\"async\" style=\"width: 93px;\" src=\"https:\/\/www.listinoincloud.it\/gallonero\/wp-content\/uploads\/2022\/10\/omini.png\" \/><\/div>\n<\/div>\n<\/div><div class=\" vc_custom_1667487567249 last-paragraph-no-margin\"><p style=\"text-align: center;\"><img decoding=\"async\" style=\"width: 400px;\" src=\"https:\/\/www.listinoincloud.it\/gallonero\/wp-content\/uploads\/2022\/10\/numero01.png\" \/><\/p>\n<\/div><\/div><\/div><\/div><div class=\"wpb_column vc_column_container vc_col-sm-3  col-xs-mobile-fullwidth\"><div class=\"vc_column-inner vc_custom_1667487656821\"><div class=\"wpb_wrapper\"><div class=\" vc_custom_1667487398544 last-paragraph-no-margin\"><p><img decoding=\"async\" src=\"https:\/\/www.listinoincloud.it\/gallonero\/wp-content\/uploads\/2022\/10\/foto1-cam01.jpg\" \/><\/p>\n<\/div><div class=\" vc_custom_1667487707131 last-paragraph-no-margin\"><p><img decoding=\"async\" src=\"https:\/\/www.listinoincloud.it\/gallonero\/wp-content\/uploads\/2022\/10\/foto3-cam01.jpg\" \/><\/p>\n<\/div><\/div><\/div><\/div><div class=\"wpb_column vc_column_container vc_col-sm-3  col-xs-mobile-fullwidth\"><div class=\"vc_column-inner vc_custom_1667487670780\"><div class=\"wpb_wrapper\"><div class=\" vc_custom_1667487405731 last-paragraph-no-margin\"><p><img decoding=\"async\" src=\"https:\/\/www.listinoincloud.it\/gallonero\/wp-content\/uploads\/2022\/10\/foto2-cam-01.jpg\" \/><\/p>\n<\/div><div class=\" vc_custom_1667487712552 last-paragraph-no-margin\"><p><img decoding=\"async\" src=\"https:\/\/www.listinoincloud.it\/gallonero\/wp-content\/uploads\/2022\/10\/foto4-cam01.jpg\" \/><\/p>\n<\/div><\/div><\/div><\/div><\/div><\/div><\/div><\/div><\/section><div class=\"vc_row-full-width vc_clearfix\"><\/div><section class=\"vc_row wpb_row vc_row-fluid  vc_custom_1668352886719\"><div class=\"wpb_column vc_column_container vc_col-sm-12  col-xs-mobile-fullwidth\"><div class=\"vc_column-inner \"><div class=\"wpb_wrapper\"><\/div><\/div><\/div><\/section>\n","protected":false},"excerpt":{"rendered":"Le camereGli alloggi accoglienti di Gallo Nero Tutti e sette gli alloggi in dotazione all\u2019Agriturismo Gallo Nero sono ampi e spaziosi: abbiamo quattro stanze e tre mini appartamenti. Tutti gli spazi sono confortevoli, curati nei dettagli e con un\u2019accogliente atmosfera rustica ma elegante. Nei mini appartamenti vi sono cucine e frigoriferi ed in tutti gli alloggi oltre al bagno privato ed alla televisione, c\u2019\u00e8 una comoda connessione Wi-Fi. Appartamento 01 Si tratta di un mini appartamento ideale per due persone, con cucina ed \u00e8 situato al piano terra con spazi interni pi\u00f9 larghi per chi \u00e8 disabile. Inoltre \u00e8 disponibile per chi ha animali con s\u00e9. - Wi-Fi gratuito in camera - Colazione inclusa - Aria condizionata - Culla (opzionale) - Asciuga capelli - Asciugamani e Shampoo - Angolo cottura - Minifrigo - Armadio e guardaroba - Scrivania PREZZI","protected":false},"author":1,"featured_media":0,"parent":0,"menu_order":0,"comment_status":"closed","ping_status":"closed","template":"","meta":[],"_links":{"self":[{"href":"https:\/\/www.listinoincloud.it\/gallonero\/wp-json\/wp\/v2\/pages\/22607"}],"collection":[{"href":"https:\/\/www.listinoincloud.it\/gallonero\/wp-json\/wp\/v2\/pages"}],"about":[{"href":"https:\/\/www.listinoincloud.it\/gallonero\/wp-json\/wp\/v2\/types\/page"}],"author":[{"embeddable":true,"href":"https:\/\/www.listinoincloud.it\/gallonero\/wp-json\/wp\/v2\/users\/1"}],"replies":[{"embeddable":true,"href":"https:\/\/www.listinoincloud.it\/gallonero\/wp-json\/wp\/v2\/comments?post=22607"}],"version-history":[{"count":37,"href":"https:\/\/www.listinoincloud.it\/gallonero\/wp-json\/wp\/v2\/pages\/22607\/revisions"}],"predecessor-version":[{"id":23409,"href":"https:\/\/www.listinoincloud.it\/gallonero\/wp-json\/wp\/v2\/pages\/22607\/revisions\/23409"}],"wp:attachment":[{"href":"https:\/\/www.listinoincloud.it\/gallonero\/wp-json\/wp\/v2\/media?parent=22607"}],"curies":[{"name":"wp","href":"https:\/\/api.w.org\/{rel}","templated":true}]}}